{"id":6707,"date":"2025-04-07T15:51:55","date_gmt":"2025-04-07T15:51:55","guid":{"rendered":"https:\/\/dstudio.rs\/?page_id=6707"},"modified":"2025-06-25T18:05:55","modified_gmt":"2025-06-25T18:05:55","slug":"front_page","status":"publish","type":"page","link":"https:\/\/dstudio.rs\/","title":{"rendered":"Home"},"content":{"rendered":"\n\n\n\nO nama\n\n\n\n\n\nd:studio je kreativni digitalni studio koji se bavi stvaranjem virtuelnih iskustava kroz 360\u00b0 ture, 3D modelovanje i mapiranje prostora. Na\u0161a misija je da fizi\u010dki svet u\u010dinimo dostupnim na klik \u2013 jasno, atraktivno i intuitivno.\n\n\n\nVerujemo da dobra tehnologija i dobar dizajn idu ruku pod ruku. Zato spajamo preciznost, estetiku i korisni\u010dko iskustvo u svaki projekat koji radimo \u2013 bilo da je to prezentacija prodajnog prostora, kulturne institucije, pet \u0161opa ili izlo\u017ebenog salona.<br>Na\u0161 cilj je jednostavan: da pomognemo klijentima da se izdvoje, pove\u017eu sa svojom publikom i ostave trajan utisak \u2014 virtuelno, ali stvarno.\n\n\n\n\n\n\n\n\n\n\n\n\n\nNekoliko stvari u kojima smo dobri\n\n\n\n\n\n<strong>d:studio<\/strong> je specijalizovan za izradu virtuelnih tura, 3D modelovanje i precizno mapiranje prostora, pru\u017eaju\u0107i vizuelno atraktivna i interaktivna digitalna re\u0161enja za brendove, prodajne objekte i poslovne prostore.\n\n\n\n\n\n\n\nVirtual tour 360 for real estate technology concept.Man hands holding digital tablet\n\n\n\nVirtelne ture 360\u00b0\n\n\n\nOmogu\u0107avamo da se svaki prostor do\u017eivi online kroz interaktivne 360\u00b0 ture. Idealno za prezentaciju objekata, prodajnih prostora, galerija i jo\u0161 mnogo toga.\n\n\n\n\nPogledaj radove\n\n\n\n\n\n\nVirtual tour 360 for real estate technology concept.Man hands holding digital tablet\n\n\n\n3D modelovanje\n\n\n\nKreiramo precizne i vizuelno privla\u010dne 3D modele prostora, objekata ili proizvoda. Savr\u0161eno za digitalne prezentacije, vizualizacije i planiranje.\n\n\n\n\nPogledaj radove\n\n\n\n\n\n\nVirtual tour 360 for real estate technology concept.Man hands holding digital tablet\n\n\n\nSnimanje dronom i inspekcijski poslovi\n\n\n\nDetaljno snimamo i mapiramo objekte uz pomo\u0107 napredne tehnologije.\n\n\n\n\nSaznaj vi\u0161e\n\n\n\n\n\n\n\n\n\n\nZa\u0161to da izaberete ba\u0161 nas?\n\n\n\n\n\nBrzi smo, prilagodljivi i razmi\u0161ljamo kao va\u0161i partneri, ne samo kao izvo\u0111a\u010di. Svaki prostor koji predstavimo postaje vi\u0161e od lokacije \u2014 postaje pri\u010da koju publika \u017eeli da upozna.\n\n\n\n\n\n\n\n\n\n\n\n\n\n\n\n\n\nKontakt\n\n\n\n\n\n\n063 7717507\n\n\n\noffice@dstudio.rs\n\n\n\nBeograd\n\n\n\n\n","protected":false},"excerpt":{"rendered":"","protected":false},"author":1,"featured_media":0,"parent":0,"menu_order":0,"comment_status":"closed","ping_status":"closed","template":"","meta":{"footnotes":""},"class_list":["post-6707","page","type-page","status-publish","hentry"],"_links":{"self":[{"href":"https:\/\/dstudio.rs\/index.php?rest_route=\/wp\/v2\/pages\/6707","targetHints":{"allow":["GET"]}}],"collection":[{"href":"https:\/\/dstudio.rs\/index.php?rest_route=\/wp\/v2\/pages"}],"about":[{"href":"https:\/\/dstudio.rs\/index.php?rest_route=\/wp\/v2\/types\/page"}],"author":[{"embeddable":true,"href":"https:\/\/dstudio.rs\/index.php?rest_route=\/wp\/v2\/users\/1"}],"replies":[{"embeddable":true,"href":"https:\/\/dstudio.rs\/index.php?rest_route=%2Fwp%2Fv2%2Fcomments&post=6707"}],"version-history":[{"count":19,"href":"https:\/\/dstudio.rs\/index.php?rest_route=\/wp\/v2\/pages\/6707\/revisions"}],"predecessor-version":[{"id":6884,"href":"https:\/\/dstudio.rs\/index.php?rest_route=\/wp\/v2\/pages\/6707\/revisions\/6884"}],"wp:attachment":[{"href":"https:\/\/dstudio.rs\/index.php?rest_route=%2Fwp%2Fv2%2Fmedia&parent=6707"}],"curies":[{"name":"wp","href":"https:\/\/api.w.org\/{rel}","templated":true}]}}